base 13.
-19b0
-2486 (base 12) to base 16
-1026
3085 (base 14) to base 6
102353
1110110001 (base 2) to base 3
1022000
15104 (base 7) to base 6
31145
-1aa (base 16) to base 15
-1d6
-10111211220 (base 3) to base 10
-69144
Convert 553 (base 12) to base 6.
3343
1701 (base 8) to base 11
7a4
1 (base 2) to base 12
1
Convert 1311323 (base 5) to base 4.
12103232
Convert -720a (base 11) to base 16.
-2561
Convert -cb7 (base 13) to base 6.
-14030
780 (base 12) to base 11
914
Convert 1043124 (base 6) to base 2.
1100110100111100
What is -604 (base 13) in base 7?
-2653
Convert 441 (base 11) to base 5.
4104
What is -725 (base 12) in base 15?
-492
What is -7510 (base 9) in base 14?
-2021
Convert -22220 (base 3) to base 4.
-3300
What is -185 (base 15) in base 14?
-1b0
What is -1101000010011011 (base 2) in base 13?
-1b3cc
Convert 4320114 (base 5) to base 14.
1c939
What is 21010010 (base 3) in base 15?
180c
-2563 (base 11) to base 9
-4516
Convert -40335 (base 6) to base 16.
-14c3
Convert -623e (base 16) to base 2.
-110001000111110
201021 (base 3) to base 10
520
-17432 (base 9) to base 12
-6b55
What is -1a1 (base 13) in base 9?
-363
-139 (base 13) to base 10
-217
What is 324434 (base 5) in base 13?
516c
What is -76d (base 16) in base 9?
-2542
Convert -1654 (base 8) to base 7.
-2512
Convert -1cb (base 16) to base 10.
-459
What is 2333013 (base 4) in base 3?
121210000
What is -65 (base 10) in base 7?
-122
Convert -1323112 (base 4) to base 12.
-469a
1137 (base 14) to base 10
2989
Convert -76551 (base 8) to base 15.
-97a5
What is 10010000111110 (base 2) in base 10?
9278
What is 183 (base 12) in base 3?
100000
What is 10006 (base 7) in base 4?
211213
Convert 17761 (base 13) to base 15.
d5d7
What is 29a (base 13) in base 14?
253
6430 (base 7) to base 13
1060
-31355 (base 7) to base 16
-1e35
Convert 1100110110111 (base 2) to base 16.
19b7
Convert -6d7 (base 14) to base 12.
-959
22 (base 9) to base 14
16
Convert -11213233 (base 4) to base 11.
-16330
2010111 (base 4) to base 9
12550
What is 122414 (base 9) in base 13?
27889
-7222 (base 14) to base 11
-13826
257 (base 11) to base 6
1224
1013 (base 7) to base 3
111002
72 (base 15) to base 10
107
1b370 (base 14) to base 9
115034
Convert 11d1 (base 15) to base 10.
3796
54511 (base 7) to base 8
32476
What is -33136 (base 8) in base 11?
-a503
-2901 (base 11) to base 15
-11a2
4300 (base 13) to base 3
110202021
643 (base 14) to base 3
1200202
What is -18943 (base 11) in base 10?
-26425
-26163 (base 8) to base 5
-331004
What is 2033120 (base 4) in base 15?
2abb
What is -202 (base 13) in base 2?
-101010100
Convert -11765 (base 8) to base 4.
-1033311
What is 10333323 (base 4) in base 14?
7667
Convert -26816 (base 9) to base 11.
-12709
What is -11020 (base 5) in base 11?
-631
Convert -100 (base 9) to base 4.
-1101
What is 2146 (base 8) in base 5?
14001
What is 3b (base 15) in base 9?
62
5705 (base 14) to base 5
440342
15ec (base 16) to base 2
1010111101100
What is -40 (base 11) in base 10?
-44
What is -413 (base 5) in base 6?
-300
Convert 14676 (base 11) to base 15.
624e
Convert -1110000011100 (base 2) to base 12.
-41b8
What is 105181 (base 9) in base 16?
f580
-383a (base 11) to base 16
-138c
What is 1212 (base 3) in base 5?
200
-14 (base 13) to base 8
-21
Convert -14706 (base 10) to base 14.
-5506
Convert -5612 (base 12) to base 14.
-367c
Convert -42b8 (base 14) to base 9.
-16731
What is 69 (base 14) in base 4?
1131
Convert -628a (base 13) to base 5.
-414014
Convert -10020 (base 5) to base 14.
-335
Convert -1010101100101 (base 2) to base 3.
-21111212
Convert 100110010 (base 2) to base 12.
216
321023 (base 5) to base 13
4b8c
What is 1010100110100010 (base 2) in base 11?
2a699
5907 (base 12) to base 11
751a
-14283 (base 9) to base 11
-7331
101000111111001 (base 2) to base 13
9723
Convert -4171 (base 9) to base 8.
-5765
-4205 (base 14) to base 4
-2301231
-495 (base 11) to base 14
-300
What is 30a2 (base 11) in base 8?
10011
26670 (base 10) to base 12
13526
-57156 (base 8) to base 10
-24174
What is -2b9d (base 14) in base 6?
-100011
Convert -43482 (base 9) to base 5.
-1410304
Convert 753 (base 11) to base 5.
12110
What is 2335 (base 8) in base 4?
103131
1413 (base 8) to base 16
30b
Convert -52b6 (base 12) to base 16.
-236a
What is -40302 (base 7) in base 16?
-2619
1613 (base 9) to base 10
1227
What is 5c6 (base 13) in base 11?
836
2a2 (base 13) to base 5
3340
Convert -a1 (base 16) to base 6.
-425
What is -244233 (base 5) in base 11?
-7001
What is -506 (base 10) in base 5?
-4011
What is -1779 (base 10) in base 14?
-911
Convert -10122022 (base 3) to base 2.
-101001011110
Convert 1689 (base 11) to base 16.
86a
What is -9954 (base 10) in base 6?
-114030
What is -340521 (base 6) in base 2?
-111000000100001
Convert -2ec (base 16) to base 15.
-34d
What is 33603 (base 8) in base 15?
4326
-2111221 (base 3) to base 10
-1834
What is 3ec7 (base 15) in base 4?
3102112
What is -1281 (base 16) in base 2?
-1001010000001
What is 3c6 (base 15) in base 13?
513
32333 (base 7) to base 2
1111101111100
What is 8ba (base 15) in base 13?
b8c
Convert -111000101010 (base 2) to base 16.
-e2a
What is -1103 (base 5) in base 10?
-153
Convert 312234 (base 6) to base 7.
133216
What is -5661 (base 8) in base 11?
-2281
-816 (base 9) to base 5
-10123
Convert -212 (base 14) to base 3.
-120010
What is -435 (base 8) in base 12?
-1b9
Convert 55110 (base 7) to base 8.
32720
-1442144 (base 5) to base 7
-156105
What is 212422 (base 8) in base 3?
10121022001
Convert 50c4 (base 13) to base 14.
40c1
-32 (base 12) to base 6
-102
3220222 (base 4) to base 5
434030
121 (base 3) to base 7
22
-bba (base 13) to base 10
-2012
6982 (base 12) to base 15
3742
111000111000 (base 2) to base 3
11222211
What is -23281 (base 10) in base 8?
-55361
Convert -20333 (base 4) to base 16.
-23f
Convert 6914 (base 11) to base 14.
3454
What is 199 (base 13) in base 9?
357
-4620 (base 7) to base 4
-122100
What is 3211 (base 11) in base 9?
5738
1b09 (base 12) to base 14
12d3
-10010110001 (base 2) to base 10
-1201
What is -1110 (base 10) in base 4?
-101112
2a42 (base 15) to base 6
105542
Convert -10bb (base 12) to base 7.
-5312
Convert 260 (base 8) to base 14.
c8
-461 (base 8) to base 13
-1a6
What is -767 (base 8) in base 13?
-2c9
Convert -152702 (base 8) to base 11.
-38128
-40665 (base 8) to base 7
-100020
Convert -3407 (base 10) to base 13.
-1721
285 (base 12) to base 8
605
What is 1424 (base 10) in base 5?
21144
Convert 11122 (base 4) to base 16.
15a
What is -213010 (base 4) in base 10?
-2500
3973 (base 14) to base 6
114425
What is -41642 (base 8) in base 9?
-25667
Convert 1056 (base 9) to base 11.
64a
Convert 2123 (base 5) to base 7.
561
What is 11210002 (base 3) in base 4?
312131
What is -1201 (base 8) in base 10?
-641
What is 18f (base 16) in base 15?
1b9
Convert -4786 (base 10) to base 15.
-1641
What is -436 (base 13) in base 10?
-721
-31020 (base 5) to base 12
-11b6
Convert 122211110 (base 3) to base 15.
3cb9
What is 13696 (base 11) in base 15?
5b7a
-18c68 (base 13) to base 2
-1011110001111011
-2541 (base 6) to base 5
-10022
-3446 (base 15) to base 5
-323331
What is 3e1c (base 16) in base 4?
3320130
What is -130255 (base 6) in base 7?
-46214
Convert 2ba8 (base 14) to base 16.
1e70
What is 6942 (base 12) in base 5?
333324
Convert 215224 (base 7) to base 10.
37846
Convert 1100010011111 (base 2) to base 16.
189f
What is -22103330 (base 4) in base 12?
-20538
-1465 (base 9) to base 13
-677
Convert -283 (base 15) to base 13.
-351
1062 (base 11) to base 8
2567
-1021 (base 8) to base 2
-1000010001
-11000110 (base 2) to base 16
-c6
What is 1077 (base 8) in base 13?
353
-16042 (base 9) to base 14
-3ddb
7613 (base 13) to base 10
16409
Convert 91 (base 16) to base 2.
10010001
Convert 21020 (base 3) to base 6.
523
Convert 1100010101011 (base 2) to base 7.
24261
Convert 119d7 (base 16) to base 6.
1314011
49ac (base 14) to base 7
52405
Convert -1410 (base 9) to base 4.
-100212
Convert 53d (base 14) to base 3.
1102100
-70126 (base 8) to base 5
-1410013
2b2b (base 12) to base 7
20540
What is -11352 (base 7) in base 9?
-4013
Convert -641 (base 9) to base 6.
-2231
-434 (base 15) to base 10
-949
-8db (base 15) to base 9
-2668
Convert -cd4 (base 14) to base 8.
-4752
-12376 (base 8) to base 14
-1d5c
-1101101111 (base 2)